{"id":6308,"date":"2021-12-31T19:32:26","date_gmt":"2021-12-31T19:32:26","guid":{"rendered":"https:\/\/tikowi.ch\/?page_id=6308"},"modified":"2021-12-31T19:32:26","modified_gmt":"2021-12-31T19:32:26","slug":"kw-50-52","status":"publish","type":"page","link":"https:\/\/tikowi.ch\/index.php\/the-tikowis\/woody-woodpecker\/kw-50-52\/","title":{"rendered":"KW 50-52"},"content":{"rendered":"\n<p>Es geschieht wenig auf der Baustelle&#8230; es trocknet prim\u00e4r und das ist schon mal etwas. Statt muffig-klamm, ist es neuerdings feucht-warm und die Feuchtigkeit h\u00e4ngt an den Fenstern \/ von der Decke.<\/p>\n\n\n\n<p>Nach 2 Wochen kr\u00e4ftig heizen und noch kr\u00e4ftiger l\u00fcften, haben wir heute, zur Feier des Silvesters den ersten Ap\u00e9ro auf der Baustelle gefeiert. Vollromantisch bei Kerzenlicht!<\/p>\n\n\n\n<figure class=\"wp-block-image size-large\"><img fetchpriority=\"high\" decoding=\"async\" width=\"1024\" height=\"768\" src=\"https:\/\/tikowi.ch\/wp-content\/uploads\/2021\/12\/IMG_5439-1024x768.jpeg\" alt=\"\" class=\"wp-image-6309\" srcset=\"https:\/\/tikowi.ch\/wp-content\/uploads\/2021\/12\/IMG_5439-1024x768.jpeg 1024w, https:\/\/tikowi.ch\/wp-content\/uploads\/2021\/12\/IMG_5439-300x225.jpeg 300w, https:\/\/tikowi.ch\/wp-content\/uploads\/2021\/12\/IMG_5439-768x576.jpeg 768w, https:\/\/tikowi.ch\/wp-content\/uploads\/2021\/12\/IMG_5439-1536x1152.jpeg 1536w, https:\/\/tikowi.ch\/wp-content\/uploads\/2021\/12\/IMG_5439-2048x1536.jpeg 2048w\" sizes=\"(max-width: 1024px) 100vw, 1024px\" \/><\/figure>\n\n\n\n<p>Auf dass wir hier an dieser Stelle in einem Jahr eine grosse Party feiern d\u00fcrfen!<\/p>\n","protected":false},"excerpt":{"rendered":"<p>Es geschieht wenig auf der Baustelle&#8230; es trocknet prim\u00e4r und das ist schon mal etwas. Statt muffig-klamm, ist es neuerdings feucht-warm und die Feuchtigkeit h\u00e4ngt an den Fenstern \/ von der Decke. Nach 2 Wochen kr\u00e4ftig heizen und noch kr\u00e4ftiger l\u00fcften, haben wir heute, zur Feier des Silvesters den ersten Ap\u00e9ro auf der Baustelle gefeiert.&hellip; <br \/> <a class=\"button small blue\" href=\"https:\/\/tikowi.ch\/index.php\/the-tikowis\/woody-woodpecker\/kw-50-52\/\">Read more<\/a><\/p>\n","protected":false},"author":1,"featured_media":0,"parent":4784,"menu_order":0,"comment_status":"closed","ping_status":"closed","template":"","meta":{"ngg_post_thumbnail":0,"footnotes":""},"class_list":["post-6308","page","type-page","status-publish","hentry"],"_links":{"self":[{"href":"https:\/\/tikowi.ch\/index.php\/wp-json\/wp\/v2\/pages\/6308","targetHints":{"allow":["GET"]}}],"collection":[{"href":"https:\/\/tikowi.ch\/index.php\/wp-json\/wp\/v2\/pages"}],"about":[{"href":"https:\/\/tikowi.ch\/index.php\/wp-json\/wp\/v2\/types\/page"}],"author":[{"embeddable":true,"href":"https:\/\/tikowi.ch\/index.php\/wp-json\/wp\/v2\/users\/1"}],"replies":[{"embeddable":true,"href":"https:\/\/tikowi.ch\/index.php\/wp-json\/wp\/v2\/comments?post=6308"}],"version-history":[{"count":1,"href":"https:\/\/tikowi.ch\/index.php\/wp-json\/wp\/v2\/pages\/6308\/revisions"}],"predecessor-version":[{"id":6310,"href":"https:\/\/tikowi.ch\/index.php\/wp-json\/wp\/v2\/pages\/6308\/revisions\/6310"}],"up":[{"embeddable":true,"href":"https:\/\/tikowi.ch\/index.php\/wp-json\/wp\/v2\/pages\/4784"}],"wp:attachment":[{"href":"https:\/\/tikowi.ch\/index.php\/wp-json\/wp\/v2\/media?parent=6308"}],"curies":[{"name":"wp","href":"https:\/\/api.w.org\/{rel}","templated":true}]}}