{"id":5994,"date":"2021-10-11T15:12:38","date_gmt":"2021-10-11T15:12:38","guid":{"rendered":"https:\/\/tikowi.ch\/?page_id=5994"},"modified":"2021-10-11T15:12:39","modified_gmt":"2021-10-11T15:12:39","slug":"kw-40-04-10-21","status":"publish","type":"page","link":"https:\/\/tikowi.ch\/index.php\/the-tikowis\/woody-woodpecker\/kw-40-04-10-21\/","title":{"rendered":"KW 40 04.10.21"},"content":{"rendered":"\n<p>Mir scheint, es werde eher abgebaut, als aufgebaut&#8230; wo vorher im Akkord W\u00e4nde hochgezogen wurden, wird jetzt massig gespitzt, gel\u00f6chert und mit Leitungen und Rohren aller Art gef\u00fcllt. Vorab elektrischen Leitungen. Und die T\u00fcre ins Bad in der Wohnung Ost wird auch noch verschoben. Auf vielseitigen und wiederholt ge\u00e4usserten Wunsch von uns. Alle sind in den Ferien &#8211; Vertrauen ist gut, Kontrolle ist eindeutig besser. Und n\u00f6tig!<\/p>\n\n\n\n<figure class=\"wp-block-gallery columns-2 is-cropped wp-block-gallery-1 is-layout-flex wp-block-gallery-is-layout-flex\"><ul class=\"blocks-gallery-grid\"><li class=\"blocks-gallery-item\"><figure><img fetchpriority=\"high\" decoding=\"async\" width=\"768\" height=\"1024\" src=\"https:\/\/tikowi.ch\/wp-content\/uploads\/2021\/10\/IMG_4383-768x1024.jpeg\" alt=\"\" data-id=\"5995\" data-full-url=\"https:\/\/tikowi.ch\/wp-content\/uploads\/2021\/10\/IMG_4383-scaled.jpeg\" data-link=\"https:\/\/tikowi.ch\/?attachment_id=5995\" class=\"wp-image-5995\" srcset=\"https:\/\/tikowi.ch\/wp-content\/uploads\/2021\/10\/IMG_4383-768x1024.jpeg 768w, https:\/\/tikowi.ch\/wp-content\/uploads\/2021\/10\/IMG_4383-225x300.jpeg 225w, https:\/\/tikowi.ch\/wp-content\/uploads\/2021\/10\/IMG_4383-1152x1536.jpeg 1152w, https:\/\/tikowi.ch\/wp-content\/uploads\/2021\/10\/IMG_4383-1536x2048.jpeg 1536w, https:\/\/tikowi.ch\/wp-content\/uploads\/2021\/10\/IMG_4383-scaled.jpeg 1920w\" sizes=\"(max-width: 768px) 100vw, 768px\" \/><figcaption class=\"blocks-gallery-item__caption\">links R\u00e9duit West und Durchgang zur Wohnung Ost<\/figcaption><\/figure><\/li><li class=\"blocks-gallery-item\"><figure><img decoding=\"async\" width=\"1024\" height=\"768\" src=\"https:\/\/tikowi.ch\/wp-content\/uploads\/2021\/10\/IMG_4386-1024x768.jpeg\" alt=\"\" data-id=\"5996\" data-full-url=\"https:\/\/tikowi.ch\/wp-content\/uploads\/2021\/10\/IMG_4386-scaled.jpeg\" data-link=\"https:\/\/tikowi.ch\/?attachment_id=5996\" class=\"wp-image-5996\" srcset=\"https:\/\/tikowi.ch\/wp-content\/uploads\/2021\/10\/IMG_4386-1024x768.jpeg 1024w, https:\/\/tikowi.ch\/wp-content\/uploads\/2021\/10\/IMG_4386-300x225.jpeg 300w, https:\/\/tikowi.ch\/wp-content\/uploads\/2021\/10\/IMG_4386-768x576.jpeg 768w, https:\/\/tikowi.ch\/wp-content\/uploads\/2021\/10\/IMG_4386-1536x1152.jpeg 1536w, https:\/\/tikowi.ch\/wp-content\/uploads\/2021\/10\/IMG_4386-2048x1536.jpeg 2048w\" sizes=\"(max-width: 1024px) 100vw, 1024px\" \/><\/figure><\/li><li class=\"blocks-gallery-item\"><figure><img decoding=\"async\" width=\"1024\" height=\"768\" src=\"https:\/\/tikowi.ch\/wp-content\/uploads\/2021\/10\/IMG_4454-1024x768.jpeg\" alt=\"\" data-id=\"5997\" data-full-url=\"https:\/\/tikowi.ch\/wp-content\/uploads\/2021\/10\/IMG_4454-scaled.jpeg\" data-link=\"https:\/\/tikowi.ch\/?attachment_id=5997\" class=\"wp-image-5997\" srcset=\"https:\/\/tikowi.ch\/wp-content\/uploads\/2021\/10\/IMG_4454-1024x768.jpeg 1024w, https:\/\/tikowi.ch\/wp-content\/uploads\/2021\/10\/IMG_4454-300x225.jpeg 300w, https:\/\/tikowi.ch\/wp-content\/uploads\/2021\/10\/IMG_4454-768x576.jpeg 768w, https:\/\/tikowi.ch\/wp-content\/uploads\/2021\/10\/IMG_4454-1536x1152.jpeg 1536w, https:\/\/tikowi.ch\/wp-content\/uploads\/2021\/10\/IMG_4454-2048x1536.jpeg 2048w\" sizes=\"(max-width: 1024px) 100vw, 1024px\" \/><\/figure><\/li><\/ul><\/figure>\n\n\n\n<p>Die Sichtbetondecke wurde geschliffen und entgr\u00e4tet (das sieht man leider nicht) und sonst weiter an an Zuleitungen gearbeitet. Jetzt gehen wir auch in die Herbstferien &#8211; wenn alles nach Plan l\u00e4uft, kommen \u00fcbern\u00e4chste Woche die Fenster. JupdiuuhH<\/p>\n","protected":false},"excerpt":{"rendered":"<p>Mir scheint, es werde eher abgebaut, als aufgebaut&#8230; wo vorher im Akkord W\u00e4nde hochgezogen wurden, wird jetzt massig gespitzt, gel\u00f6chert und mit Leitungen und Rohren aller Art gef\u00fcllt. Vorab elektrischen Leitungen. Und die T\u00fcre ins Bad in der Wohnung Ost wird auch noch verschoben. Auf vielseitigen und wiederholt ge\u00e4usserten Wunsch von uns. Alle sind in&hellip; <br \/> <a class=\"button small blue\" href=\"https:\/\/tikowi.ch\/index.php\/the-tikowis\/woody-woodpecker\/kw-40-04-10-21\/\">Read more<\/a><\/p>\n","protected":false},"author":1,"featured_media":0,"parent":4784,"menu_order":0,"comment_status":"closed","ping_status":"closed","template":"","meta":{"ngg_post_thumbnail":0,"footnotes":""},"class_list":["post-5994","page","type-page","status-publish","hentry"],"_links":{"self":[{"href":"https:\/\/tikowi.ch\/index.php\/wp-json\/wp\/v2\/pages\/5994","targetHints":{"allow":["GET"]}}],"collection":[{"href":"https:\/\/tikowi.ch\/index.php\/wp-json\/wp\/v2\/pages"}],"about":[{"href":"https:\/\/tikowi.ch\/index.php\/wp-json\/wp\/v2\/types\/page"}],"author":[{"embeddable":true,"href":"https:\/\/tikowi.ch\/index.php\/wp-json\/wp\/v2\/users\/1"}],"replies":[{"embeddable":true,"href":"https:\/\/tikowi.ch\/index.php\/wp-json\/wp\/v2\/comments?post=5994"}],"version-history":[{"count":1,"href":"https:\/\/tikowi.ch\/index.php\/wp-json\/wp\/v2\/pages\/5994\/revisions"}],"predecessor-version":[{"id":5998,"href":"https:\/\/tikowi.ch\/index.php\/wp-json\/wp\/v2\/pages\/5994\/revisions\/5998"}],"up":[{"embeddable":true,"href":"https:\/\/tikowi.ch\/index.php\/wp-json\/wp\/v2\/pages\/4784"}],"wp:attachment":[{"href":"https:\/\/tikowi.ch\/index.php\/wp-json\/wp\/v2\/media?parent=5994"}],"curies":[{"name":"wp","href":"https:\/\/api.w.org\/{rel}","templated":true}]}}