{"id":5744,"date":"2021-08-22T19:14:47","date_gmt":"2021-08-22T19:14:47","guid":{"rendered":"https:\/\/tikowi.ch\/?page_id=5744"},"modified":"2021-08-22T19:14:47","modified_gmt":"2021-08-22T19:14:47","slug":"kw-33-16-08-21","status":"publish","type":"page","link":"https:\/\/tikowi.ch\/index.php\/the-tikowis\/woody-woodpecker\/kw-33-16-08-21\/","title":{"rendered":"KW 33 16.08.21"},"content":{"rendered":"\n<p>Ein erster Besuch im Musikstudio &#171;to be&#187; &#8211; auch Elio darf mit!<\/p>\n\n\n\n<figure class=\"wp-block-gallery columns-2 is-cropped wp-block-gallery-1 is-layout-flex wp-block-gallery-is-layout-flex\"><ul class=\"blocks-gallery-grid\"><li class=\"blocks-gallery-item\"><figure><img fetchpriority=\"high\" decoding=\"async\" width=\"768\" height=\"1024\" src=\"https:\/\/tikowi.ch\/wp-content\/uploads\/2021\/08\/IMG_0429-768x1024.jpeg\" alt=\"\" data-id=\"5746\" data-full-url=\"https:\/\/tikowi.ch\/wp-content\/uploads\/2021\/08\/IMG_0429-rotated.jpeg\" data-link=\"https:\/\/tikowi.ch\/?attachment_id=5746\" class=\"wp-image-5746\" srcset=\"https:\/\/tikowi.ch\/wp-content\/uploads\/2021\/08\/IMG_0429-768x1024.jpeg 768w, https:\/\/tikowi.ch\/wp-content\/uploads\/2021\/08\/IMG_0429-225x300.jpeg 225w, https:\/\/tikowi.ch\/wp-content\/uploads\/2021\/08\/IMG_0429-rotated.jpeg 960w\" sizes=\"(max-width: 768px) 100vw, 768px\" \/><figcaption class=\"blocks-gallery-item__caption\">Abgang zu den heiligen Hallen<\/figcaption><\/figure><\/li><li class=\"blocks-gallery-item\"><figure><img decoding=\"async\" width=\"1024\" height=\"768\" src=\"https:\/\/tikowi.ch\/wp-content\/uploads\/2021\/08\/IMG_3663-1024x768.jpeg\" alt=\"\" data-id=\"5747\" data-full-url=\"https:\/\/tikowi.ch\/wp-content\/uploads\/2021\/08\/IMG_3663-scaled.jpeg\" data-link=\"https:\/\/tikowi.ch\/?attachment_id=5747\" class=\"wp-image-5747\" srcset=\"https:\/\/tikowi.ch\/wp-content\/uploads\/2021\/08\/IMG_3663-1024x768.jpeg 1024w, https:\/\/tikowi.ch\/wp-content\/uploads\/2021\/08\/IMG_3663-300x225.jpeg 300w, https:\/\/tikowi.ch\/wp-content\/uploads\/2021\/08\/IMG_3663-768x576.jpeg 768w, https:\/\/tikowi.ch\/wp-content\/uploads\/2021\/08\/IMG_3663-1536x1152.jpeg 1536w, https:\/\/tikowi.ch\/wp-content\/uploads\/2021\/08\/IMG_3663-2048x1536.jpeg 2048w\" sizes=\"(max-width: 1024px) 100vw, 1024px\" \/><figcaption class=\"blocks-gallery-item__caption\">etwas feucht<\/figcaption><\/figure><\/li><li class=\"blocks-gallery-item\"><figure><img decoding=\"async\" width=\"1024\" height=\"768\" src=\"https:\/\/tikowi.ch\/wp-content\/uploads\/2021\/08\/IMG_0420-1024x768.jpeg\" alt=\"\" data-id=\"5745\" data-full-url=\"https:\/\/tikowi.ch\/wp-content\/uploads\/2021\/08\/IMG_0420.jpeg\" data-link=\"https:\/\/tikowi.ch\/?attachment_id=5745\" class=\"wp-image-5745\" srcset=\"https:\/\/tikowi.ch\/wp-content\/uploads\/2021\/08\/IMG_0420-1024x768.jpeg 1024w, https:\/\/tikowi.ch\/wp-content\/uploads\/2021\/08\/IMG_0420-300x225.jpeg 300w, https:\/\/tikowi.ch\/wp-content\/uploads\/2021\/08\/IMG_0420-768x576.jpeg 768w, https:\/\/tikowi.ch\/wp-content\/uploads\/2021\/08\/IMG_0420.jpeg 1280w\" sizes=\"(max-width: 1024px) 100vw, 1024px\" \/><figcaption class=\"blocks-gallery-item__caption\">fachm\u00e4nnischer Blick von Eric<\/figcaption><\/figure><\/li><\/ul><\/figure>\n\n\n\n<p>Am Dienstag &#171;wird&#187; das Erdgeschoss ganz pl\u00f6tzlich real. Die Aussenw\u00e4nde kommen. Am fr\u00fchen Morgen. Auf dem Tieflader&#8230;<\/p>\n\n\n\n<figure class=\"wp-block-gallery columns-3 is-cropped wp-block-gallery-2 is-layout-flex wp-block-gallery-is-layout-flex\"><ul class=\"blocks-gallery-grid\"><li class=\"blocks-gallery-item\"><figure><a href=\"https:\/\/tikowi.ch\/wp-content\/uploads\/2021\/08\/IMG_3667-scaled.jpeg\"><img loading=\"lazy\" decoding=\"async\" width=\"1024\" height=\"768\" src=\"https:\/\/tikowi.ch\/wp-content\/uploads\/2021\/08\/IMG_3667-1024x768.jpeg\" alt=\"\" data-id=\"5748\" data-full-url=\"https:\/\/tikowi.ch\/wp-content\/uploads\/2021\/08\/IMG_3667-scaled.jpeg\" data-link=\"https:\/\/tikowi.ch\/?attachment_id=5748\" class=\"wp-image-5748\" srcset=\"https:\/\/tikowi.ch\/wp-content\/uploads\/2021\/08\/IMG_3667-1024x768.jpeg 1024w, https:\/\/tikowi.ch\/wp-content\/uploads\/2021\/08\/IMG_3667-300x225.jpeg 300w, https:\/\/tikowi.ch\/wp-content\/uploads\/2021\/08\/IMG_3667-768x576.jpeg 768w, https:\/\/tikowi.ch\/wp-content\/uploads\/2021\/08\/IMG_3667-1536x1152.jpeg 1536w, https:\/\/tikowi.ch\/wp-content\/uploads\/2021\/08\/IMG_3667-2048x1536.jpeg 2048w\" sizes=\"(max-width: 1024px) 100vw, 1024px\" \/><\/a><figcaption class=\"blocks-gallery-item__caption\">die Gottfried-Keller-Strasse versperrt<\/figcaption><\/figure><\/li><li class=\"blocks-gallery-item\"><figure><a href=\"https:\/\/tikowi.ch\/wp-content\/uploads\/2021\/08\/IMG_3669-scaled.jpeg\"><img loading=\"lazy\" decoding=\"async\" width=\"1024\" height=\"768\" src=\"https:\/\/tikowi.ch\/wp-content\/uploads\/2021\/08\/IMG_3669-1024x768.jpeg\" alt=\"\" data-id=\"5749\" data-full-url=\"https:\/\/tikowi.ch\/wp-content\/uploads\/2021\/08\/IMG_3669-scaled.jpeg\" data-link=\"https:\/\/tikowi.ch\/?attachment_id=5749\" class=\"wp-image-5749\" srcset=\"https:\/\/tikowi.ch\/wp-content\/uploads\/2021\/08\/IMG_3669-1024x768.jpeg 1024w, https:\/\/tikowi.ch\/wp-content\/uploads\/2021\/08\/IMG_3669-300x225.jpeg 300w, https:\/\/tikowi.ch\/wp-content\/uploads\/2021\/08\/IMG_3669-768x576.jpeg 768w, https:\/\/tikowi.ch\/wp-content\/uploads\/2021\/08\/IMG_3669-1536x1152.jpeg 1536w, https:\/\/tikowi.ch\/wp-content\/uploads\/2021\/08\/IMG_3669-2048x1536.jpeg 2048w\" sizes=\"(max-width: 1024px) 100vw, 1024px\" \/><\/a><figcaption class=\"blocks-gallery-item__caption\">die Garageneinfahrt versperrt<\/figcaption><\/figure><\/li><li class=\"blocks-gallery-item\"><figure><a href=\"https:\/\/tikowi.ch\/wp-content\/uploads\/2021\/08\/IMG_3672-scaled.jpeg\"><img loading=\"lazy\" decoding=\"async\" width=\"1024\" height=\"768\" src=\"https:\/\/tikowi.ch\/wp-content\/uploads\/2021\/08\/IMG_3672-1024x768.jpeg\" alt=\"\" data-id=\"5750\" data-full-url=\"https:\/\/tikowi.ch\/wp-content\/uploads\/2021\/08\/IMG_3672-scaled.jpeg\" data-link=\"https:\/\/tikowi.ch\/?attachment_id=5750\" class=\"wp-image-5750\" srcset=\"https:\/\/tikowi.ch\/wp-content\/uploads\/2021\/08\/IMG_3672-1024x768.jpeg 1024w, https:\/\/tikowi.ch\/wp-content\/uploads\/2021\/08\/IMG_3672-300x225.jpeg 300w, https:\/\/tikowi.ch\/wp-content\/uploads\/2021\/08\/IMG_3672-768x576.jpeg 768w, https:\/\/tikowi.ch\/wp-content\/uploads\/2021\/08\/IMG_3672-1536x1152.jpeg 1536w, https:\/\/tikowi.ch\/wp-content\/uploads\/2021\/08\/IMG_3672-2048x1536.jpeg 2048w\" sizes=\"(max-width: 1024px) 100vw, 1024px\" \/><\/a><figcaption class=\"blocks-gallery-item__caption\">die S\u00fcdfassade im Anflug<\/figcaption><\/figure><\/li><li class=\"blocks-gallery-item\"><figure><a href=\"https:\/\/tikowi.ch\/wp-content\/uploads\/2021\/08\/b3a7fb9c-95f9-479b-8643-81e2dbadc15a.jpg\"><img loading=\"lazy\" decoding=\"async\" width=\"1024\" height=\"768\" src=\"https:\/\/tikowi.ch\/wp-content\/uploads\/2021\/08\/b3a7fb9c-95f9-479b-8643-81e2dbadc15a-1024x768.jpg\" alt=\"\" data-id=\"5752\" data-full-url=\"https:\/\/tikowi.ch\/wp-content\/uploads\/2021\/08\/b3a7fb9c-95f9-479b-8643-81e2dbadc15a.jpg\" data-link=\"https:\/\/tikowi.ch\/?attachment_id=5752\" class=\"wp-image-5752\" srcset=\"https:\/\/tikowi.ch\/wp-content\/uploads\/2021\/08\/b3a7fb9c-95f9-479b-8643-81e2dbadc15a-1024x768.jpg 1024w, https:\/\/tikowi.ch\/wp-content\/uploads\/2021\/08\/b3a7fb9c-95f9-479b-8643-81e2dbadc15a-300x225.jpg 300w, https:\/\/tikowi.ch\/wp-content\/uploads\/2021\/08\/b3a7fb9c-95f9-479b-8643-81e2dbadc15a-768x576.jpg 768w, https:\/\/tikowi.ch\/wp-content\/uploads\/2021\/08\/b3a7fb9c-95f9-479b-8643-81e2dbadc15a.jpg 1280w\" sizes=\"(max-width: 1024px) 100vw, 1024px\" \/><\/a><figcaption class=\"blocks-gallery-item__caption\">und 1h sp\u00e4ter haben wir ein Badezimmer. oder so \u00e4hnlich<\/figcaption><\/figure><\/li><\/ul><\/figure>\n\n\n\n<p>Wir f\u00fchlen uns in die neuen R\u00e4ume ein und diskutieren. In einer Nacht- und Nebelaktion verteilen wir die Schlafzimmer neu &#8211; es macht keinen Sinn, dass AnnA mit Homeoffice im kleineren, dunkleren Zimmer weilt, derweilen Koni und ich ja &#171;nur&#187; schlafen im Schlafzimmer. Wir tauschen. Flexibel ist das neue &#171;jung&#187;. <\/p>\n\n\n\n<figure class=\"wp-block-image size-large\"><img loading=\"lazy\" decoding=\"async\" width=\"1024\" height=\"768\" src=\"https:\/\/tikowi.ch\/wp-content\/uploads\/2021\/08\/IMG_3712-1024x768.jpeg\" alt=\"\" class=\"wp-image-5754\" srcset=\"https:\/\/tikowi.ch\/wp-content\/uploads\/2021\/08\/IMG_3712-1024x768.jpeg 1024w, https:\/\/tikowi.ch\/wp-content\/uploads\/2021\/08\/IMG_3712-300x225.jpeg 300w, https:\/\/tikowi.ch\/wp-content\/uploads\/2021\/08\/IMG_3712-768x576.jpeg 768w, https:\/\/tikowi.ch\/wp-content\/uploads\/2021\/08\/IMG_3712-1536x1152.jpeg 1536w, https:\/\/tikowi.ch\/wp-content\/uploads\/2021\/08\/IMG_3712-2048x1536.jpeg 2048w\" sizes=\"(max-width: 1024px) 100vw, 1024px\" \/><\/figure>\n\n\n\n<p>Auch in der Farbfamilie kommen wir einen Schritt weiter. Die K\u00fccheninsel wird dunkelblau, die Abdeckung \u00e4hnlich, die Hochschr\u00e4nke dahinter erdig, die Wand dahinter dunkelerdig, das ganz kombiniert je nach Raum mit hellblau, t\u00fcrkis oder rosa-altrosa Akzenten. Und dazu den dunklen Eichenfussboden. Es wird. Z\u00e4h, aber es wird&#8230;<\/p>\n","protected":false},"excerpt":{"rendered":"<p>Ein erster Besuch im Musikstudio &#171;to be&#187; &#8211; auch Elio darf mit! Am Dienstag &#171;wird&#187; das Erdgeschoss ganz pl\u00f6tzlich real. Die Aussenw\u00e4nde kommen. Am fr\u00fchen Morgen. Auf dem Tieflader&#8230; Wir f\u00fchlen uns in die neuen R\u00e4ume ein und diskutieren. In einer Nacht- und Nebelaktion verteilen wir die Schlafzimmer neu &#8211; es macht keinen Sinn, dass&hellip; <br \/> <a class=\"button small blue\" href=\"https:\/\/tikowi.ch\/index.php\/the-tikowis\/woody-woodpecker\/kw-33-16-08-21\/\">Read more<\/a><\/p>\n","protected":false},"author":1,"featured_media":0,"parent":4784,"menu_order":0,"comment_status":"closed","ping_status":"closed","template":"","meta":{"ngg_post_thumbnail":0,"footnotes":""},"class_list":["post-5744","page","type-page","status-publish","hentry"],"_links":{"self":[{"href":"https:\/\/tikowi.ch\/index.php\/wp-json\/wp\/v2\/pages\/5744","targetHints":{"allow":["GET"]}}],"collection":[{"href":"https:\/\/tikowi.ch\/index.php\/wp-json\/wp\/v2\/pages"}],"about":[{"href":"https:\/\/tikowi.ch\/index.php\/wp-json\/wp\/v2\/types\/page"}],"author":[{"embeddable":true,"href":"https:\/\/tikowi.ch\/index.php\/wp-json\/wp\/v2\/users\/1"}],"replies":[{"embeddable":true,"href":"https:\/\/tikowi.ch\/index.php\/wp-json\/wp\/v2\/comments?post=5744"}],"version-history":[{"count":2,"href":"https:\/\/tikowi.ch\/index.php\/wp-json\/wp\/v2\/pages\/5744\/revisions"}],"predecessor-version":[{"id":5755,"href":"https:\/\/tikowi.ch\/index.php\/wp-json\/wp\/v2\/pages\/5744\/revisions\/5755"}],"up":[{"embeddable":true,"href":"https:\/\/tikowi.ch\/index.php\/wp-json\/wp\/v2\/pages\/4784"}],"wp:attachment":[{"href":"https:\/\/tikowi.ch\/index.php\/wp-json\/wp\/v2\/media?parent=5744"}],"curies":[{"name":"wp","href":"https:\/\/api.w.org\/{rel}","templated":true}]}}