{"id":5442,"date":"2021-07-11T12:38:57","date_gmt":"2021-07-11T12:38:57","guid":{"rendered":"https:\/\/tikowi.ch\/?page_id=5442"},"modified":"2021-07-11T12:38:57","modified_gmt":"2021-07-11T12:38:57","slug":"kw-27-05-07-21","status":"publish","type":"page","link":"https:\/\/tikowi.ch\/index.php\/the-tikowis\/woody-woodpecker\/kw-27-05-07-21\/","title":{"rendered":"KW 27 05.07.21"},"content":{"rendered":"\n<p>Der Verpackungsk\u00fcnstler Christo h\u00e4tte seine wahre Freude daran! Diese Woche stand definitiv unter dem Motto: einpacken, d\u00e4mmen, trennen&#8230;<\/p>\n\n\n\n<figure class=\"wp-block-gallery columns-2 is-cropped wp-block-gallery-1 is-layout-flex wp-block-gallery-is-layout-flex\"><ul class=\"blocks-gallery-grid\"><li class=\"blocks-gallery-item\"><figure><a href=\"https:\/\/tikowi.ch\/wp-content\/uploads\/2021\/07\/IMG_2893-1024x768.jpeg\"><img fetchpriority=\"high\" decoding=\"async\" width=\"1024\" height=\"768\" src=\"https:\/\/tikowi.ch\/wp-content\/uploads\/2021\/07\/IMG_2893-1024x768.jpeg\" alt=\"\" data-id=\"5443\" data-link=\"https:\/\/tikowi.ch\/?attachment_id=5443\" class=\"wp-image-5443\" srcset=\"https:\/\/tikowi.ch\/wp-content\/uploads\/2021\/07\/IMG_2893-1024x768.jpeg 1024w, https:\/\/tikowi.ch\/wp-content\/uploads\/2021\/07\/IMG_2893-300x225.jpeg 300w, https:\/\/tikowi.ch\/wp-content\/uploads\/2021\/07\/IMG_2893-768x576.jpeg 768w, https:\/\/tikowi.ch\/wp-content\/uploads\/2021\/07\/IMG_2893-1536x1152.jpeg 1536w, https:\/\/tikowi.ch\/wp-content\/uploads\/2021\/07\/IMG_2893-2048x1536.jpeg 2048w, https:\/\/tikowi.ch\/wp-content\/uploads\/2021\/07\/IMG_2893-800x600.jpeg 800w, https:\/\/tikowi.ch\/wp-content\/uploads\/2021\/07\/IMG_2893-400x300.jpeg 400w\" sizes=\"(max-width: 1024px) 100vw, 1024px\" \/><\/a><figcaption class=\"blocks-gallery-item__caption\">Die Bodenplatte wird zur Armierung vorbereitet<\/figcaption><\/figure><\/li><li class=\"blocks-gallery-item\"><figure><a href=\"https:\/\/tikowi.ch\/wp-content\/uploads\/2021\/07\/IMG_2897-1024x768.jpeg\"><img decoding=\"async\" width=\"1024\" height=\"768\" src=\"https:\/\/tikowi.ch\/wp-content\/uploads\/2021\/07\/IMG_2897-1024x768.jpeg\" alt=\"\" data-id=\"5444\" data-link=\"https:\/\/tikowi.ch\/?attachment_id=5444\" class=\"wp-image-5444\" srcset=\"https:\/\/tikowi.ch\/wp-content\/uploads\/2021\/07\/IMG_2897-1024x768.jpeg 1024w, https:\/\/tikowi.ch\/wp-content\/uploads\/2021\/07\/IMG_2897-300x225.jpeg 300w, https:\/\/tikowi.ch\/wp-content\/uploads\/2021\/07\/IMG_2897-768x576.jpeg 768w, https:\/\/tikowi.ch\/wp-content\/uploads\/2021\/07\/IMG_2897-1536x1152.jpeg 1536w, https:\/\/tikowi.ch\/wp-content\/uploads\/2021\/07\/IMG_2897-2048x1536.jpeg 2048w, https:\/\/tikowi.ch\/wp-content\/uploads\/2021\/07\/IMG_2897-800x600.jpeg 800w, https:\/\/tikowi.ch\/wp-content\/uploads\/2021\/07\/IMG_2897-400x300.jpeg 400w\" sizes=\"(max-width: 1024px) 100vw, 1024px\" \/><\/a><figcaption class=\"blocks-gallery-item__caption\">Armierung<\/figcaption><\/figure><\/li><li class=\"blocks-gallery-item\"><figure><a href=\"https:\/\/tikowi.ch\/wp-content\/uploads\/2021\/07\/43639eba-d6ab-4540-9ad9-5a0ecf5e9bf2-1024x768.jpg\"><img decoding=\"async\" width=\"1024\" height=\"768\" src=\"https:\/\/tikowi.ch\/wp-content\/uploads\/2021\/07\/43639eba-d6ab-4540-9ad9-5a0ecf5e9bf2-1024x768.jpg\" alt=\"\" data-id=\"5445\" data-link=\"https:\/\/tikowi.ch\/?attachment_id=5445\" class=\"wp-image-5445\" srcset=\"https:\/\/tikowi.ch\/wp-content\/uploads\/2021\/07\/43639eba-d6ab-4540-9ad9-5a0ecf5e9bf2-1024x768.jpg 1024w, https:\/\/tikowi.ch\/wp-content\/uploads\/2021\/07\/43639eba-d6ab-4540-9ad9-5a0ecf5e9bf2-300x225.jpg 300w, https:\/\/tikowi.ch\/wp-content\/uploads\/2021\/07\/43639eba-d6ab-4540-9ad9-5a0ecf5e9bf2-768x576.jpg 768w, https:\/\/tikowi.ch\/wp-content\/uploads\/2021\/07\/43639eba-d6ab-4540-9ad9-5a0ecf5e9bf2-1536x1152.jpg 1536w, https:\/\/tikowi.ch\/wp-content\/uploads\/2021\/07\/43639eba-d6ab-4540-9ad9-5a0ecf5e9bf2-800x600.jpg 800w, https:\/\/tikowi.ch\/wp-content\/uploads\/2021\/07\/43639eba-d6ab-4540-9ad9-5a0ecf5e9bf2-400x300.jpg 400w, https:\/\/tikowi.ch\/wp-content\/uploads\/2021\/07\/43639eba-d6ab-4540-9ad9-5a0ecf5e9bf2.jpg 2048w\" sizes=\"(max-width: 1024px) 100vw, 1024px\" \/><\/a><figcaption class=\"blocks-gallery-item__caption\">Bodenplatte giessen<\/figcaption><\/figure><\/li><li class=\"blocks-gallery-item\"><figure><a href=\"https:\/\/tikowi.ch\/wp-content\/uploads\/2021\/07\/b7398a33-eaa7-4f67-82f1-77f6f7d8debe-768x1024.jpg\"><img loading=\"lazy\" decoding=\"async\" width=\"768\" height=\"1024\" src=\"https:\/\/tikowi.ch\/wp-content\/uploads\/2021\/07\/b7398a33-eaa7-4f67-82f1-77f6f7d8debe-768x1024.jpg\" alt=\"\" data-id=\"5446\" data-link=\"https:\/\/tikowi.ch\/?attachment_id=5446\" class=\"wp-image-5446\" srcset=\"https:\/\/tikowi.ch\/wp-content\/uploads\/2021\/07\/b7398a33-eaa7-4f67-82f1-77f6f7d8debe-768x1024.jpg 768w, https:\/\/tikowi.ch\/wp-content\/uploads\/2021\/07\/b7398a33-eaa7-4f67-82f1-77f6f7d8debe-225x300.jpg 225w, https:\/\/tikowi.ch\/wp-content\/uploads\/2021\/07\/b7398a33-eaa7-4f67-82f1-77f6f7d8debe-1152x1536.jpg 1152w, https:\/\/tikowi.ch\/wp-content\/uploads\/2021\/07\/b7398a33-eaa7-4f67-82f1-77f6f7d8debe-800x1067.jpg 800w, https:\/\/tikowi.ch\/wp-content\/uploads\/2021\/07\/b7398a33-eaa7-4f67-82f1-77f6f7d8debe.jpg 1512w\" sizes=\"(max-width: 768px) 100vw, 768px\" \/><\/a><figcaption class=\"blocks-gallery-item__caption\">die Rahmenschalung kommt<\/figcaption><\/figure><\/li><li class=\"blocks-gallery-item\"><figure><a href=\"https:\/\/tikowi.ch\/wp-content\/uploads\/2021\/07\/IMG_2165-scaled.jpg\"><img loading=\"lazy\" decoding=\"async\" width=\"1024\" height=\"683\" src=\"https:\/\/tikowi.ch\/wp-content\/uploads\/2021\/07\/IMG_2165-1024x683.jpg\" alt=\"\" data-id=\"5447\" data-full-url=\"https:\/\/tikowi.ch\/wp-content\/uploads\/2021\/07\/IMG_2165-scaled.jpg\" data-link=\"https:\/\/tikowi.ch\/?attachment_id=5447\" class=\"wp-image-5447\" srcset=\"https:\/\/tikowi.ch\/wp-content\/uploads\/2021\/07\/IMG_2165-1024x683.jpg 1024w, https:\/\/tikowi.ch\/wp-content\/uploads\/2021\/07\/IMG_2165-300x200.jpg 300w, https:\/\/tikowi.ch\/wp-content\/uploads\/2021\/07\/IMG_2165-768x512.jpg 768w, https:\/\/tikowi.ch\/wp-content\/uploads\/2021\/07\/IMG_2165-1536x1024.jpg 1536w, https:\/\/tikowi.ch\/wp-content\/uploads\/2021\/07\/IMG_2165-2048x1365.jpg 2048w, https:\/\/tikowi.ch\/wp-content\/uploads\/2021\/07\/IMG_2165-800x533.jpg 800w\" sizes=\"(max-width: 1024px) 100vw, 1024px\" \/><\/a><figcaption class=\"blocks-gallery-item__caption\">noch mehr Eisen<\/figcaption><\/figure><\/li><li class=\"blocks-gallery-item\"><figure><a href=\"https:\/\/tikowi.ch\/wp-content\/uploads\/2021\/07\/IMG_2167-scaled.jpg\"><img loading=\"lazy\" decoding=\"async\" width=\"1024\" height=\"683\" src=\"https:\/\/tikowi.ch\/wp-content\/uploads\/2021\/07\/IMG_2167-1024x683.jpg\" alt=\"\" data-id=\"5448\" data-full-url=\"https:\/\/tikowi.ch\/wp-content\/uploads\/2021\/07\/IMG_2167-scaled.jpg\" data-link=\"https:\/\/tikowi.ch\/?attachment_id=5448\" class=\"wp-image-5448\" srcset=\"https:\/\/tikowi.ch\/wp-content\/uploads\/2021\/07\/IMG_2167-1024x683.jpg 1024w, https:\/\/tikowi.ch\/wp-content\/uploads\/2021\/07\/IMG_2167-300x200.jpg 300w, https:\/\/tikowi.ch\/wp-content\/uploads\/2021\/07\/IMG_2167-768x512.jpg 768w, https:\/\/tikowi.ch\/wp-content\/uploads\/2021\/07\/IMG_2167-1536x1024.jpg 1536w, https:\/\/tikowi.ch\/wp-content\/uploads\/2021\/07\/IMG_2167-2048x1365.jpg 2048w, https:\/\/tikowi.ch\/wp-content\/uploads\/2021\/07\/IMG_2167-800x533.jpg 800w\" sizes=\"(max-width: 1024px) 100vw, 1024px\" \/><\/a><figcaption class=\"blocks-gallery-item__caption\">der Liftschacht<\/figcaption><\/figure><\/li><\/ul><\/figure>\n\n\n\n<p>So, der erste Meilenstein &#8211; die Bodenplatte wird wie geplant, am Donnerstag gegossen. Bei str\u00f6mendem Regen allerdings&#8230; am Freitagmorgen kommt bereits die Rahmenschalung und -nat\u00fcrlich- noch mehr Eisen. Wir sind gespannt&#8230; in 8 Wochen soll der Bau stehen. Das w\u00e4re dann anfangs September. Jetzt geht es wohl aufw\u00e4rts. Aber Achtung&#8230; im Moment ist auf dem Bau gar nichts mit Planung. Bedingt durch Corona und einen gewaltigen Bauboom, sind Termine maximal als Richtlinie zu verstehen. Die K\u00fcchenbauer \u00e4chzen unter hohen Holzpreisen, gewisse Qualit\u00e4ten sind gar nicht erh\u00e4ltlich.. nun ja, wir \u00fcben uns in Geduld. Einmal mehr!<\/p>\n","protected":false},"excerpt":{"rendered":"<p>Der Verpackungsk\u00fcnstler Christo h\u00e4tte seine wahre Freude daran! Diese Woche stand definitiv unter dem Motto: einpacken, d\u00e4mmen, trennen&#8230; So, der erste Meilenstein &#8211; die Bodenplatte wird wie geplant, am Donnerstag gegossen. Bei str\u00f6mendem Regen allerdings&#8230; am Freitagmorgen kommt bereits die Rahmenschalung und -nat\u00fcrlich- noch mehr Eisen. Wir sind gespannt&#8230; in 8 Wochen soll der Bau&hellip; <br \/> <a class=\"button small blue\" href=\"https:\/\/tikowi.ch\/index.php\/the-tikowis\/woody-woodpecker\/kw-27-05-07-21\/\">Read more<\/a><\/p>\n","protected":false},"author":1,"featured_media":0,"parent":4784,"menu_order":0,"comment_status":"closed","ping_status":"closed","template":"","meta":{"ngg_post_thumbnail":0,"footnotes":""},"class_list":["post-5442","page","type-page","status-publish","hentry"],"_links":{"self":[{"href":"https:\/\/tikowi.ch\/index.php\/wp-json\/wp\/v2\/pages\/5442","targetHints":{"allow":["GET"]}}],"collection":[{"href":"https:\/\/tikowi.ch\/index.php\/wp-json\/wp\/v2\/pages"}],"about":[{"href":"https:\/\/tikowi.ch\/index.php\/wp-json\/wp\/v2\/types\/page"}],"author":[{"embeddable":true,"href":"https:\/\/tikowi.ch\/index.php\/wp-json\/wp\/v2\/users\/1"}],"replies":[{"embeddable":true,"href":"https:\/\/tikowi.ch\/index.php\/wp-json\/wp\/v2\/comments?post=5442"}],"version-history":[{"count":1,"href":"https:\/\/tikowi.ch\/index.php\/wp-json\/wp\/v2\/pages\/5442\/revisions"}],"predecessor-version":[{"id":5449,"href":"https:\/\/tikowi.ch\/index.php\/wp-json\/wp\/v2\/pages\/5442\/revisions\/5449"}],"up":[{"embeddable":true,"href":"https:\/\/tikowi.ch\/index.php\/wp-json\/wp\/v2\/pages\/4784"}],"wp:attachment":[{"href":"https:\/\/tikowi.ch\/index.php\/wp-json\/wp\/v2\/media?parent=5442"}],"curies":[{"name":"wp","href":"https:\/\/api.w.org\/{rel}","templated":true}]}}