{"id":5236,"date":"2021-05-16T09:39:36","date_gmt":"2021-05-16T09:39:36","guid":{"rendered":"https:\/\/tikowi.ch\/?page_id=5236"},"modified":"2021-05-16T09:39:36","modified_gmt":"2021-05-16T09:39:36","slug":"kw-19-10-05-21","status":"publish","type":"page","link":"https:\/\/tikowi.ch\/index.php\/the-tikowis\/woody-woodpecker\/kw-19-10-05-21\/","title":{"rendered":"KW 19 10.05.21"},"content":{"rendered":"\n<p>Es geht abw\u00e4rts&#8230; die Baustelle war diese -kurze, das Auffahrts- Woche wenig spektakul\u00e4r. Der einsame Baggerf\u00fchrer hat zwar weitere Lastwagen gef\u00fcllt, sorgsam Berge umgegraben, fest get\u00e4tschelt (mach&#8216; das mal&#8230; t\u00e4tscheln mit der grossen Baggerschaufel), hat Spreu vom Weizen (also Kies vom Humus) getrennt, separat abf\u00fchren lassen, sein Mitarbeiter hat die Baugrube gesichert, aber ganz ehrlich, man sieht wenig Neues. <\/p>\n\n\n\n<figure class=\"wp-block-gallery columns-0 is-cropped wp-block-gallery-1 is-layout-flex wp-block-gallery-is-layout-flex\"><ul class=\"blocks-gallery-grid\"><li class=\"blocks-gallery-item\"><figure><a href=\"https:\/\/tikowi.ch\/wp-content\/uploads\/2021\/05\/IMG_2262-scaled.jpeg\"><img fetchpriority=\"high\" decoding=\"async\" width=\"1024\" height=\"768\" src=\"https:\/\/tikowi.ch\/wp-content\/uploads\/2021\/05\/IMG_2262-1024x768.jpeg\" alt=\"\" data-id=\"5237\" data-full-url=\"https:\/\/tikowi.ch\/wp-content\/uploads\/2021\/05\/IMG_2262-scaled.jpeg\" data-link=\"https:\/\/tikowi.ch\/?attachment_id=5237\" class=\"wp-image-5237\" srcset=\"https:\/\/tikowi.ch\/wp-content\/uploads\/2021\/05\/IMG_2262-1024x768.jpeg 1024w, https:\/\/tikowi.ch\/wp-content\/uploads\/2021\/05\/IMG_2262-300x225.jpeg 300w, https:\/\/tikowi.ch\/wp-content\/uploads\/2021\/05\/IMG_2262-768x576.jpeg 768w, https:\/\/tikowi.ch\/wp-content\/uploads\/2021\/05\/IMG_2262-1536x1152.jpeg 1536w, https:\/\/tikowi.ch\/wp-content\/uploads\/2021\/05\/IMG_2262-2048x1536.jpeg 2048w, https:\/\/tikowi.ch\/wp-content\/uploads\/2021\/05\/IMG_2262-800x600.jpeg 800w, https:\/\/tikowi.ch\/wp-content\/uploads\/2021\/05\/IMG_2262-400x300.jpeg 400w\" sizes=\"(max-width: 1024px) 100vw, 1024px\" \/><\/a><\/figure><\/li><\/ul><\/figure>\n\n\n\n<p>Wir sind gespannt, was die neue Woche bringt. Magerbeton und fertig Aushub. Danach geht&#8217;s aufw\u00e4rts. Das mindestens die Theorie \ud83d\ude42<\/p>\n","protected":false},"excerpt":{"rendered":"<p>Es geht abw\u00e4rts&#8230; die Baustelle war diese -kurze, das Auffahrts- Woche wenig spektakul\u00e4r. Der einsame Baggerf\u00fchrer hat zwar weitere Lastwagen gef\u00fcllt, sorgsam Berge umgegraben, fest get\u00e4tschelt (mach&#8216; das mal&#8230; t\u00e4tscheln mit der grossen Baggerschaufel), hat Spreu vom Weizen (also Kies vom Humus) getrennt, separat abf\u00fchren lassen, sein Mitarbeiter hat die Baugrube gesichert, aber ganz ehrlich,&hellip; <br \/> <a class=\"button small blue\" href=\"https:\/\/tikowi.ch\/index.php\/the-tikowis\/woody-woodpecker\/kw-19-10-05-21\/\">Read more<\/a><\/p>\n","protected":false},"author":1,"featured_media":0,"parent":4784,"menu_order":0,"comment_status":"closed","ping_status":"closed","template":"","meta":{"ngg_post_thumbnail":0,"footnotes":""},"class_list":["post-5236","page","type-page","status-publish","hentry"],"_links":{"self":[{"href":"https:\/\/tikowi.ch\/index.php\/wp-json\/wp\/v2\/pages\/5236","targetHints":{"allow":["GET"]}}],"collection":[{"href":"https:\/\/tikowi.ch\/index.php\/wp-json\/wp\/v2\/pages"}],"about":[{"href":"https:\/\/tikowi.ch\/index.php\/wp-json\/wp\/v2\/types\/page"}],"author":[{"embeddable":true,"href":"https:\/\/tikowi.ch\/index.php\/wp-json\/wp\/v2\/users\/1"}],"replies":[{"embeddable":true,"href":"https:\/\/tikowi.ch\/index.php\/wp-json\/wp\/v2\/comments?post=5236"}],"version-history":[{"count":1,"href":"https:\/\/tikowi.ch\/index.php\/wp-json\/wp\/v2\/pages\/5236\/revisions"}],"predecessor-version":[{"id":5238,"href":"https:\/\/tikowi.ch\/index.php\/wp-json\/wp\/v2\/pages\/5236\/revisions\/5238"}],"up":[{"embeddable":true,"href":"https:\/\/tikowi.ch\/index.php\/wp-json\/wp\/v2\/pages\/4784"}],"wp:attachment":[{"href":"https:\/\/tikowi.ch\/index.php\/wp-json\/wp\/v2\/media?parent=5236"}],"curies":[{"name":"wp","href":"https:\/\/api.w.org\/{rel}","templated":true}]}}