{"id":5029,"date":"2021-04-26T09:50:08","date_gmt":"2021-04-26T09:50:08","guid":{"rendered":"https:\/\/tikowi.ch\/?page_id=5029"},"modified":"2021-05-09T18:58:11","modified_gmt":"2021-05-09T18:58:11","slug":"kw-13-29-03-21","status":"publish","type":"page","link":"https:\/\/tikowi.ch\/index.php\/the-tikowis\/woody-woodpecker\/kw-13-29-03-21\/","title":{"rendered":"KW 13 29.03.21"},"content":{"rendered":"\n<p>Ostermontag, Osterwoche. Wir kriegen viel Besuch. Der Elektriker diskutiert \u00fcber die Leitungen und das Provisorium, die Stadt bespricht die neue Verkehrsf\u00fchrung, der Architekt plant, organisiert, redigiert&#8230; und wir geniessen ein letztes Mal die volle Bl\u00fcte der Magnolie. Zwar arg zerzaust durch den Schnee, aber die Bl\u00fcten&#8230;. jedes Jahr ein Traum!<\/p>\n\n\n\n<p class=\"has-black-color has-cyan-bluish-gray-background-color has-text-color has-background\">Thanks to Deepl, here is a translation for our American part of the family. Easter Monday, Easter week. We get a lot of visitors. The electrician discusses the cables and the temporary solution, the city discusses the new traffic routing, the architect plans, organizes, edits\u2026 and we enjoy the full bloom of the magnolia for the last time. It&#8217;s a bit ragged by the snow, but the blossoms\u2026. a dream every year!<\/p>\n\n\n\n<p>Translated with www.DeepL.com\/Translator (free version)<\/p>\n\n\n\n<figure class=\"wp-block-gallery columns-2 is-cropped wp-block-gallery-1 is-layout-flex wp-block-gallery-is-layout-flex\"><ul class=\"blocks-gallery-grid\"><li class=\"blocks-gallery-item\"><figure><img fetchpriority=\"high\" decoding=\"async\" width=\"1024\" height=\"768\" src=\"https:\/\/tikowi.ch\/wp-content\/uploads\/2021\/04\/IMG_1804-1024x768.jpeg\" alt=\"\" data-id=\"4910\" data-full-url=\"https:\/\/tikowi.ch\/wp-content\/uploads\/2021\/04\/IMG_1804-scaled.jpeg\" data-link=\"https:\/\/tikowi.ch\/index.php\/the-tikowis\/woody-woodpecker\/img_1804\/\" class=\"wp-image-4910\" srcset=\"https:\/\/tikowi.ch\/wp-content\/uploads\/2021\/04\/IMG_1804-1024x768.jpeg 1024w, https:\/\/tikowi.ch\/wp-content\/uploads\/2021\/04\/IMG_1804-300x225.jpeg 300w, https:\/\/tikowi.ch\/wp-content\/uploads\/2021\/04\/IMG_1804-768x576.jpeg 768w, https:\/\/tikowi.ch\/wp-content\/uploads\/2021\/04\/IMG_1804-1536x1152.jpeg 1536w, https:\/\/tikowi.ch\/wp-content\/uploads\/2021\/04\/IMG_1804-2048x1536.jpeg 2048w, https:\/\/tikowi.ch\/wp-content\/uploads\/2021\/04\/IMG_1804-800x600.jpeg 800w, https:\/\/tikowi.ch\/wp-content\/uploads\/2021\/04\/IMG_1804-400x300.jpeg 400w\" sizes=\"(max-width: 1024px) 100vw, 1024px\" \/><\/figure><\/li><li class=\"blocks-gallery-item\"><figure><img decoding=\"async\" width=\"1024\" height=\"683\" src=\"https:\/\/tikowi.ch\/wp-content\/uploads\/2021\/04\/L1000351-1024x683.jpeg\" alt=\"\" data-id=\"4933\" data-full-url=\"https:\/\/tikowi.ch\/wp-content\/uploads\/2021\/04\/L1000351-scaled.jpeg\" data-link=\"https:\/\/tikowi.ch\/index.php\/the-tikowis\/woody-woodpecker\/l1000351\/\" class=\"wp-image-4933\" srcset=\"https:\/\/tikowi.ch\/wp-content\/uploads\/2021\/04\/L1000351-1024x683.jpeg 1024w, https:\/\/tikowi.ch\/wp-content\/uploads\/2021\/04\/L1000351-300x200.jpeg 300w, https:\/\/tikowi.ch\/wp-content\/uploads\/2021\/04\/L1000351-768x512.jpeg 768w, https:\/\/tikowi.ch\/wp-content\/uploads\/2021\/04\/L1000351-1536x1024.jpeg 1536w, https:\/\/tikowi.ch\/wp-content\/uploads\/2021\/04\/L1000351-2048x1365.jpeg 2048w, https:\/\/tikowi.ch\/wp-content\/uploads\/2021\/04\/L1000351-800x533.jpeg 800w\" sizes=\"(max-width: 1024px) 100vw, 1024px\" \/><figcaption class=\"blocks-gallery-item__caption\">Ginos Pfirsichbaum &#8211; die Hunde werden ihn vermissen<\/figcaption><\/figure><\/li><li class=\"blocks-gallery-item\"><figure><img decoding=\"async\" width=\"1024\" height=\"683\" src=\"https:\/\/tikowi.ch\/wp-content\/uploads\/2021\/04\/L1000346-1-1024x683.jpeg\" alt=\"\" data-id=\"4931\" data-full-url=\"https:\/\/tikowi.ch\/wp-content\/uploads\/2021\/04\/L1000346-1-scaled.jpeg\" data-link=\"https:\/\/tikowi.ch\/index.php\/the-tikowis\/woody-woodpecker\/l1000346-2\/\" class=\"wp-image-4931\" srcset=\"https:\/\/tikowi.ch\/wp-content\/uploads\/2021\/04\/L1000346-1-1024x683.jpeg 1024w, https:\/\/tikowi.ch\/wp-content\/uploads\/2021\/04\/L1000346-1-300x200.jpeg 300w, https:\/\/tikowi.ch\/wp-content\/uploads\/2021\/04\/L1000346-1-768x512.jpeg 768w, https:\/\/tikowi.ch\/wp-content\/uploads\/2021\/04\/L1000346-1-1536x1024.jpeg 1536w, https:\/\/tikowi.ch\/wp-content\/uploads\/2021\/04\/L1000346-1-2048x1365.jpeg 2048w, https:\/\/tikowi.ch\/wp-content\/uploads\/2021\/04\/L1000346-1-800x533.jpeg 800w\" sizes=\"(max-width: 1024px) 100vw, 1024px\" \/><\/figure><\/li><li class=\"blocks-gallery-item\"><figure><img decoding=\"async\" src=\"https:\/\/tikowi.ch\/wp-content\/uploads\/2021\/04\/L1000356-683x1024.jpeg\" alt=\"\" data-id=\"4930\" data-full-url=\"https:\/\/tikowi.ch\/wp-content\/uploads\/2021\/04\/L1000356-scaled.jpeg\" data-link=\"https:\/\/tikowi.ch\/index.php\/the-tikowis\/woody-woodpecker\/l1000356\/\" class=\"wp-image-4930\"\/><\/figure><\/li><li class=\"blocks-gallery-item\"><figure><img loading=\"lazy\" decoding=\"async\" width=\"1024\" height=\"683\" src=\"https:\/\/tikowi.ch\/wp-content\/uploads\/2021\/04\/L1000369-1-1024x683.jpeg\" alt=\"\" data-id=\"4934\" data-full-url=\"https:\/\/tikowi.ch\/wp-content\/uploads\/2021\/04\/L1000369-1-scaled.jpeg\" data-link=\"https:\/\/tikowi.ch\/index.php\/the-tikowis\/woody-woodpecker\/l1000369-2\/\" class=\"wp-image-4934\" srcset=\"https:\/\/tikowi.ch\/wp-content\/uploads\/2021\/04\/L1000369-1-1024x683.jpeg 1024w, https:\/\/tikowi.ch\/wp-content\/uploads\/2021\/04\/L1000369-1-300x200.jpeg 300w, https:\/\/tikowi.ch\/wp-content\/uploads\/2021\/04\/L1000369-1-768x512.jpeg 768w, https:\/\/tikowi.ch\/wp-content\/uploads\/2021\/04\/L1000369-1-1536x1024.jpeg 1536w, https:\/\/tikowi.ch\/wp-content\/uploads\/2021\/04\/L1000369-1-2048x1365.jpeg 2048w, https:\/\/tikowi.ch\/wp-content\/uploads\/2021\/04\/L1000369-1-800x533.jpeg 800w\" sizes=\"(max-width: 1024px) 100vw, 1024px\" \/><figcaption class=\"blocks-gallery-item__caption\">B\u00e4rlauchidylle gegen Dietschis<\/figcaption><\/figure><\/li><\/ul><\/figure>\n\n\n\n<p>Nach dem Wintereinbruch anfangs der Woche wird es am Donnerstag wieder Fr\u00fchling &#8211; Koni dokumentiert noch einmal den &#171;Zustand VOR Neubau&#187;. <\/p>\n\n\n\n<p class=\"has-cyan-bluish-gray-background-color has-background\">After the winter revival at the beginning of the week, it looks like spring again on Thursday &#8211; Koni once again documents the &#171;state BEFORE new construction&#187;.<\/p>\n\n\n\n<figure class=\"wp-block-gallery columns-2 is-cropped wp-block-gallery-2 is-layout-flex wp-block-gallery-is-layout-flex\"><ul class=\"blocks-gallery-grid\"><li class=\"blocks-gallery-item\"><figure><img loading=\"lazy\" decoding=\"async\" width=\"1024\" height=\"683\" src=\"https:\/\/tikowi.ch\/wp-content\/uploads\/2021\/04\/L1000400-1024x683.jpeg\" alt=\"\" data-id=\"4919\" data-full-url=\"https:\/\/tikowi.ch\/wp-content\/uploads\/2021\/04\/L1000400-scaled.jpeg\" data-link=\"https:\/\/tikowi.ch\/index.php\/the-tikowis\/woody-woodpecker\/l1000400\/\" class=\"wp-image-4919\" srcset=\"https:\/\/tikowi.ch\/wp-content\/uploads\/2021\/04\/L1000400-1024x683.jpeg 1024w, https:\/\/tikowi.ch\/wp-content\/uploads\/2021\/04\/L1000400-300x200.jpeg 300w, https:\/\/tikowi.ch\/wp-content\/uploads\/2021\/04\/L1000400-768x512.jpeg 768w, https:\/\/tikowi.ch\/wp-content\/uploads\/2021\/04\/L1000400-1536x1024.jpeg 1536w, https:\/\/tikowi.ch\/wp-content\/uploads\/2021\/04\/L1000400-2048x1365.jpeg 2048w, https:\/\/tikowi.ch\/wp-content\/uploads\/2021\/04\/L1000400-800x533.jpeg 800w\" sizes=\"(max-width: 1024px) 100vw, 1024px\" \/><\/figure><\/li><li class=\"blocks-gallery-item\"><figure><img loading=\"lazy\" decoding=\"async\" width=\"1024\" height=\"683\" src=\"https:\/\/tikowi.ch\/wp-content\/uploads\/2021\/04\/L1000410-1024x683.jpeg\" alt=\"\" data-id=\"4928\" data-full-url=\"https:\/\/tikowi.ch\/wp-content\/uploads\/2021\/04\/L1000410-scaled.jpeg\" data-link=\"https:\/\/tikowi.ch\/index.php\/the-tikowis\/woody-woodpecker\/l1000410\/\" class=\"wp-image-4928\" srcset=\"https:\/\/tikowi.ch\/wp-content\/uploads\/2021\/04\/L1000410-1024x683.jpeg 1024w, https:\/\/tikowi.ch\/wp-content\/uploads\/2021\/04\/L1000410-300x200.jpeg 300w, https:\/\/tikowi.ch\/wp-content\/uploads\/2021\/04\/L1000410-768x512.jpeg 768w, https:\/\/tikowi.ch\/wp-content\/uploads\/2021\/04\/L1000410-1536x1024.jpeg 1536w, https:\/\/tikowi.ch\/wp-content\/uploads\/2021\/04\/L1000410-2048x1365.jpeg 2048w, https:\/\/tikowi.ch\/wp-content\/uploads\/2021\/04\/L1000410-800x533.jpeg 800w\" sizes=\"(max-width: 1024px) 100vw, 1024px\" \/><figcaption class=\"blocks-gallery-item__caption\">Der Carport <\/figcaption><\/figure><\/li><li class=\"blocks-gallery-item\"><figure><img loading=\"lazy\" decoding=\"async\" width=\"1024\" height=\"683\" src=\"https:\/\/tikowi.ch\/wp-content\/uploads\/2021\/04\/L1000433-1024x683.jpeg\" alt=\"\" data-id=\"4927\" data-full-url=\"https:\/\/tikowi.ch\/wp-content\/uploads\/2021\/04\/L1000433-scaled.jpeg\" data-link=\"https:\/\/tikowi.ch\/index.php\/the-tikowis\/woody-woodpecker\/l1000433\/\" class=\"wp-image-4927\" srcset=\"https:\/\/tikowi.ch\/wp-content\/uploads\/2021\/04\/L1000433-1024x683.jpeg 1024w, https:\/\/tikowi.ch\/wp-content\/uploads\/2021\/04\/L1000433-300x200.jpeg 300w, https:\/\/tikowi.ch\/wp-content\/uploads\/2021\/04\/L1000433-768x512.jpeg 768w, https:\/\/tikowi.ch\/wp-content\/uploads\/2021\/04\/L1000433-1536x1024.jpeg 1536w, https:\/\/tikowi.ch\/wp-content\/uploads\/2021\/04\/L1000433-2048x1365.jpeg 2048w, https:\/\/tikowi.ch\/wp-content\/uploads\/2021\/04\/L1000433-800x533.jpeg 800w\" sizes=\"(max-width: 1024px) 100vw, 1024px\" \/><figcaption class=\"blocks-gallery-item__caption\">Unsere Vision &#8211; es ist Zeit, startet das Projekt Woody Woodpecker!<\/figcaption><\/figure><\/li><li class=\"blocks-gallery-item\"><figure><img loading=\"lazy\" decoding=\"async\" width=\"683\" height=\"1024\" src=\"https:\/\/tikowi.ch\/wp-content\/uploads\/2021\/04\/L1000413-683x1024.jpeg\" alt=\"\" data-id=\"4929\" data-full-url=\"https:\/\/tikowi.ch\/wp-content\/uploads\/2021\/04\/L1000413-scaled.jpeg\" data-link=\"https:\/\/tikowi.ch\/index.php\/the-tikowis\/woody-woodpecker\/l1000413\/\" class=\"wp-image-4929\" srcset=\"https:\/\/tikowi.ch\/wp-content\/uploads\/2021\/04\/L1000413-683x1024.jpeg 683w, https:\/\/tikowi.ch\/wp-content\/uploads\/2021\/04\/L1000413-200x300.jpeg 200w, https:\/\/tikowi.ch\/wp-content\/uploads\/2021\/04\/L1000413-768x1152.jpeg 768w, https:\/\/tikowi.ch\/wp-content\/uploads\/2021\/04\/L1000413-1024x1536.jpeg 1024w, https:\/\/tikowi.ch\/wp-content\/uploads\/2021\/04\/L1000413-1365x2048.jpeg 1365w, https:\/\/tikowi.ch\/wp-content\/uploads\/2021\/04\/L1000413-800x1200.jpeg 800w, https:\/\/tikowi.ch\/wp-content\/uploads\/2021\/04\/L1000413-scaled.jpeg 1707w\" sizes=\"(max-width: 683px) 100vw, 683px\" \/><figcaption class=\"blocks-gallery-item__caption\">Blick aus dem Carport ins DG<\/figcaption><\/figure><\/li><li class=\"blocks-gallery-item\"><figure><img loading=\"lazy\" decoding=\"async\" width=\"1024\" height=\"683\" src=\"https:\/\/tikowi.ch\/wp-content\/uploads\/2021\/04\/L1000382-1024x683.jpeg\" alt=\"\" data-id=\"4924\" data-full-url=\"https:\/\/tikowi.ch\/wp-content\/uploads\/2021\/04\/L1000382-scaled.jpeg\" data-link=\"https:\/\/tikowi.ch\/index.php\/the-tikowis\/woody-woodpecker\/l1000382\/\" class=\"wp-image-4924\" srcset=\"https:\/\/tikowi.ch\/wp-content\/uploads\/2021\/04\/L1000382-1024x683.jpeg 1024w, https:\/\/tikowi.ch\/wp-content\/uploads\/2021\/04\/L1000382-300x200.jpeg 300w, https:\/\/tikowi.ch\/wp-content\/uploads\/2021\/04\/L1000382-768x512.jpeg 768w, https:\/\/tikowi.ch\/wp-content\/uploads\/2021\/04\/L1000382-1536x1024.jpeg 1536w, https:\/\/tikowi.ch\/wp-content\/uploads\/2021\/04\/L1000382-2048x1365.jpeg 2048w, https:\/\/tikowi.ch\/wp-content\/uploads\/2021\/04\/L1000382-800x533.jpeg 800w\" sizes=\"(max-width: 1024px) 100vw, 1024px\" \/><figcaption class=\"blocks-gallery-item__caption\">Hauseingang mit Carport hinten<\/figcaption><\/figure><\/li><\/ul><\/figure>\n\n\n\n<p>Und doch&#8230; es bewegt sich was. <\/p>\n\n\n\n<figure class=\"wp-block-image size-large\"><img loading=\"lazy\" decoding=\"async\" width=\"768\" height=\"1024\" src=\"https:\/\/tikowi.ch\/wp-content\/uploads\/2021\/04\/IMG_1805-768x1024.jpeg\" alt=\"\" class=\"wp-image-4911\" srcset=\"https:\/\/tikowi.ch\/wp-content\/uploads\/2021\/04\/IMG_1805-768x1024.jpeg 768w, https:\/\/tikowi.ch\/wp-content\/uploads\/2021\/04\/IMG_1805-225x300.jpeg 225w, https:\/\/tikowi.ch\/wp-content\/uploads\/2021\/04\/IMG_1805-1152x1536.jpeg 1152w, https:\/\/tikowi.ch\/wp-content\/uploads\/2021\/04\/IMG_1805-1536x2048.jpeg 1536w, https:\/\/tikowi.ch\/wp-content\/uploads\/2021\/04\/IMG_1805-800x1067.jpeg 800w, https:\/\/tikowi.ch\/wp-content\/uploads\/2021\/04\/IMG_1805-scaled.jpeg 1920w\" sizes=\"(max-width: 768px) 100vw, 768px\" \/><\/figure>\n\n\n\n<p>Am Freitagmittag werden alle Parkpl\u00e4tze gegen\u00fcber dem Haus aufgel\u00f6st &#8211; eben, die Verkehrsf\u00fchrung. Irgendwie m\u00fcssen die Lastwagen ja um die K\u00fcchenecke in den unteren Teil des Grundst\u00fcckes kommen. <\/p>\n\n\n\n<p class=\"has-cyan-bluish-gray-background-color has-background\">On Friday at afternoon, all the parking spaces opposite the house will be resolved &#8211; the traffic management. Somehow the trucks have to get around the kitchen corner into the lower part of the property.<\/p>\n\n\n\n<p>Wir freuen uns auf die neue Woche &#8211; Roden und Baustelleninstallation das Thema!<\/p>\n\n\n\n<p class=\"has-cyan-bluish-gray-background-color has-background\">We look forward to the new week &#8211; rodding and site installation the theme<\/p>\n","protected":false},"excerpt":{"rendered":"<p>Ostermontag, Osterwoche. Wir kriegen viel Besuch. Der Elektriker diskutiert \u00fcber die Leitungen und das Provisorium, die Stadt bespricht die neue Verkehrsf\u00fchrung, der Architekt plant, organisiert, redigiert&#8230; und wir geniessen ein letztes Mal die volle Bl\u00fcte der Magnolie. Zwar arg zerzaust durch den Schnee, aber die Bl\u00fcten&#8230;. jedes Jahr ein Traum! Thanks to Deepl, here is&hellip; <br \/> <a class=\"button small blue\" href=\"https:\/\/tikowi.ch\/index.php\/the-tikowis\/woody-woodpecker\/kw-13-29-03-21\/\">Read more<\/a><\/p>\n","protected":false},"author":1,"featured_media":0,"parent":4784,"menu_order":0,"comment_status":"closed","ping_status":"closed","template":"","meta":{"ngg_post_thumbnail":0,"footnotes":""},"class_list":["post-5029","page","type-page","status-publish","hentry"],"_links":{"self":[{"href":"https:\/\/tikowi.ch\/index.php\/wp-json\/wp\/v2\/pages\/5029","targetHints":{"allow":["GET"]}}],"collection":[{"href":"https:\/\/tikowi.ch\/index.php\/wp-json\/wp\/v2\/pages"}],"about":[{"href":"https:\/\/tikowi.ch\/index.php\/wp-json\/wp\/v2\/types\/page"}],"author":[{"embeddable":true,"href":"https:\/\/tikowi.ch\/index.php\/wp-json\/wp\/v2\/users\/1"}],"replies":[{"embeddable":true,"href":"https:\/\/tikowi.ch\/index.php\/wp-json\/wp\/v2\/comments?post=5029"}],"version-history":[{"count":1,"href":"https:\/\/tikowi.ch\/index.php\/wp-json\/wp\/v2\/pages\/5029\/revisions"}],"predecessor-version":[{"id":5030,"href":"https:\/\/tikowi.ch\/index.php\/wp-json\/wp\/v2\/pages\/5029\/revisions\/5030"}],"up":[{"embeddable":true,"href":"https:\/\/tikowi.ch\/index.php\/wp-json\/wp\/v2\/pages\/4784"}],"wp:attachment":[{"href":"https:\/\/tikowi.ch\/index.php\/wp-json\/wp\/v2\/media?parent=5029"}],"curies":[{"name":"wp","href":"https:\/\/api.w.org\/{rel}","templated":true}]}}